 68*q. What is the remainder when 119 is divided by j(35)?
56
Suppose -160*i + 3843 = 23*i. Calculate the remainder when 0/(-1) - -1 - -121 is divided by i.
17
Let a(t) = 3*t**2 + 2*t + 8. Let b be a(6). Suppose n + 3*n - b = 0. Calculate the remainder when n is divided by (44/(0 + -4))/(-1) + -2.
5
Suppose f - r - 2*r = 13, 0 = -3*f + 2*r + 60. Let t(v) = 2*v**2 + 263*v + 2109. What is the remainder when f is divided by t(-123)?
4
Let h = 10 - 4. Let c be h - 2 - (-3 - (-21)/3). Suppose c = -5*v, -3*r - 4*v = -160 + 61. What is the remainder when 160 is divided by r?
28
Let q = 3938 + -305. What is the remainder when q is divided by 101?
98
Suppose 0 = -46*c + 2934 + 615 - 743. What is the remainder when 1398 is divided by c?
56
What is the remainder when 362 is divided by (133 + 1)/(-286 - -288)?
27
Calculate the remainder when 40098/(-163)*(-271)/2 is divided by 18.
15
Let r be ((-15)/6)/(2/(-24)). Let c = 54 - r. Let q(y) = y**2 + y + 1. Calculate the remainder when c is divided by q(-4).
11
Suppose -439*s + 1080 = -419*s. What is the remainder when 1240 is divided by s?
52
Let y be ((-9)/(-6))/((-3)/(-6)). Let r(m) = 10*m - 9. Let k be r(5). Suppose 5*w + k = y*j, -9 + 39 = 2*j - 4*w. What is the remainder when 20 is divided by j?
6
Let b = -161 + 549. Suppose 385 = 3*h + t, 0*h - 4*t = 3*h - b. What is the remainder when h is divided by 13?
11
Calculate the remainder when 59 is divided by 5916/(-232)*16/(-12).
25
Let l(y) = y**3 - 11*y**2 - 11*y. Let u be l(12). Let k(j) = -j + 26. Let b(i) = 27*i**2. What is the remainder when b(1) is divided by k(u)?
13
Let k(g) = 22*g. Let f = 13142 - 13107. Calculate the remainder when k(6) is divided by f.
27
Let n(c) = 2*c**3 + 4*c**2 + 4. Suppose 3*s - 26 = 2*v, s - 3*v + 70 - 60 = 0. Calculate the remainder when n(3) is divided by s.
10
Let q(k) = 533*k + 113. Suppose -44 - 40 = -2*u. What is the remainder when q(0) is divided by u?
29
Let n(m) = m**3 - 7*m**2 + 5*m + 18. Let u be n(8). Suppose -f + 2*j + 1131 - u = 0, 2*j = 10. Calculate the remainder when f is divided by 73.
70
Let b be -3 + (9 + 2118 - (0 + -1)). What is the remainder when (-2)/(-12) + (b/30 - -5) is divided by 17?
8
Let n(p) = p**2 + 9*p + 3. Let x be n(-11). Suppose -x*j + 697 = -2078. Calculate the remainder when j is divided by (-1 + 0)/(2/(-58)).
24
Calculate the remainder when 1282 is divided by 27/(-2)*(-572)/99*27/18.
112
Let i(s) = 39*s**2 - 2*s + 1. Let q = 52 - 50. Suppose -5*k + 11 + 6 = q*v, -3*v + 5*k = 12. Calculate the remainder when i(v) is divided by 13.
12
Let j be 6 + 25/(-4) + (-2082)/(-8). Let k = -98 + j. What is the remainder when k is divided by 41?
39
Let h = 17 - 5. Let p(v) = -37*v - 661. Let t be p(-18). Suppose -2255 + 2055 = -t*a. What is the remainder when a is divided by h?
4
Suppose 5*i - 17 = -2. Let q = 307 + -280. Suppose -4*z + 41 = -5*y + 5, 0 = 3*z + y - q. What is the remainder when z is divided by i?
0
Let v(j) = 6*j - 16. Suppose -4*o - i - 13 = 4*i, o - 4*i + 19 = 0. Let c be v(o). Calculate the remainder when 55 is divided by (2 + -3)/(2/c).
26
Let i(o) = 3*o + 3. Let j be i(-6). Let p(m) = -m**2 - 19*m + 2. Let k be p(j). Suppose -17 + k = 3*a. What is the remainder when 72 is divided by a?
12
Let w be (-4)/(-6)*-2*(-3096)/96. Suppose 110*p - 109*p = w. What is the remainder when 81 is divided by p?
38
Let p(y) = -y - 4*y**2 - 3*y - 3 - 7*y**2 + y**2 + 26*y**2. Let t(k) = k**3 + 5*k**2 - 2*k - 4. What is the remainder when p(-1) is divided by t(-5)?
5
Suppose 2*k - 2*m - 74 = 0, 0 = 2*k + m - 103 + 14. What is the remainder when k is divided by 31?
11
Let c = 1720 - 1173. Let g = c + -502. What is the remainder when g is divided by 16?
13
Suppose 104*j = 109*j - 1945. Calculate the remainder when j is divided by 21.
11
Let x(l) = l**3 - 19*l**2 + 22*l - 32. Let f be x(18). Suppose -4*w + f = -552. Let n = w + -77. Calculate the remainder when n is divided by 19.
14
Suppose 0 = -7*x + 87 + 120 + 325. Calculate the remainder when x is divided by 11.
10
Let h be (3/6 - 0)*4. Suppose -3*k = 2*m - 6, -4*k - 15 = -5*m - h*k. Let i(r) = -r**2 - 42*r - 111. Calculate the remainder when i(-39) is divided by m.
0
Let a = -754 - -878. What is the remainder when a is divided by 9?
7
Let p(x) = 105*x + 9884. Calculate the remainder when 26 is divided by p(-94).
12
Let l = -442 - -206. Let r = -128 - l. Calculate the remainder when r is divided by 19.
13
Suppose 17 = -r + 5*a - 2, 5*r + 2*a + 122 = 0. Let p = -11 - r. What is the remainder when p is divided by (5 + -1 - 5)*(-7 + -1)?
5
What is the remainder when (-58 - 1)*(10 - 17) is divided by 30?
23
Suppose -5*u - 4*f = -720, 0 = -4*u + 12*f - 15*f + 576. Suppose 604*w - 606*w + u = 0. What is the remainder when w is divided by 11?
6
Let i = -16956 + 24325. Calculate the remainder when i is divided by 22.
21
Suppose -2*y + 4 = -4*w - 30, 15 = y - w. Suppose -5*u = 3 - y. Suppose -u*d + 50 = 3*c - 2*c, -4 = -c. What is the remainder when 89 is divided by d?
20
Let h(j) = -j**2 + 35*j + 1344. Calculate the remainder when 124 is divided by h(-23).
4
What is the remainder when 432 is divided by 226 - (3/(9/24) - (-12)/(-3))?
210
Let t be (-1)/(2/(-74) + 0) + -1. Let j be (258/8 - 2) + t/48. Suppose -2*h = -j + 11. What is the remainder when 39 is divided by h?
9
Let g = 1128 - 890. Calculate the remainder when g is divided by 12.
10
Suppose -5*h - 2418 + 2523 = -2*h. What is the remainder when 348 is divided by h?
33
Let p = -7 - -75. Let f = -1289 + 471. Let n = f - -841. Calculate the remainder when p is divided by n.
22
Suppose 0 = -348*p + 397*p - 22589. What is the remainder when p is divided by 21?
20
Let b = 165 + -84. Suppose 0 = -4*h - 2*p - 887 + 1019, 0 = 5*h - 2*p - 147. Calculate the remainder when b is divided by h.
19
Let h(m) = -231*m - 5925. Calculate the remainder when 1779 is divided by h(-26).
78
What is the remainder when -16 - (-376)/24 - (-7322)/6 is divided by 3?
2
Suppose -13 = -u + 3*f, -2*f - 19 - 19 = -2*u. Suppose -6 = -2*k - 0. Suppose k*a = 5*a - 16. Calculate the remainder when u is divided by a.
6
Let d = 3055 - 2833. Calculate the remainder when d is divided by 45.
42
Suppose -y + 6 + 42 = x, -4*x + 282 = 6*y. Let i(q) = -7*q - 1. What is the remainder when y is divided by i(-1)?
3
Suppose -o - 22*w + 20*w + 36 = 0, 5*o + 4*w - 114 = 0. Let g(v) = -v**3 - v**2 + v + 33. Calculate the remainder when g(0) is divided by o.
5
Let j(d) = -58*d - 3. Calculate the remainder when j(-1) is divided by 3/(-4) - (-395)/20.
17
Let w(x) = -x**3 - 91*x**2 - 139*x - 190. What is the remainder when w(-90) is divided by 103?
100
Let s = -53254 + 53431. Let p(k) = -19*k + 1. What is the remainder when s is divided by p(-1)?
17
Suppose -4*h + 7*h = 315. Let p = 91042 - 91003. What is the remainder when h is divided by p?
27
Let a(z) = 17*z + 195. What is the remainder when 291 is divided by a(-8)?
55
Let i(d) = -d**2 - 55*d - 198. Calculate the remainder when i(-27) is divided by 49.
19
Calculate the remainder when 183 is divided by (-1 + (-3)/2)/(-2 - (-38)/24).
3
Suppose -1805*q = -1769*q - 6552. What is the remainder when q is divided by 58?
8
Suppose -61*h + 3112 = -1831 - 181. What is the remainder when 48971 is divided by h?
83
Suppose 2*g - 4*o = 2054, -96*g + 3*o - 1007 = -97*g. Calculate the remainder when g is divided by 30.
29
Suppose -l + 269 = 4*t, -232 + 507 = 4*t - l. What is the remainder when t is divided by 57?
11
Suppose 0 = -6*f + 594 - 90. Let x = -60 - f. Let d = x + 249. Calculate the remainder when d is divided by 27.
24
Let z be -2 - 0 - (7 + -10 - 4). Calculate the remainder when 229/z - ((-4)/20 - 0) is divided by 16.
14
Suppose 3*h = k + 42 - 10, 0 = 3*k + 15. Let v(n) = -40*n + 1. Let l be v(3). Let g = -67 - l. What is the remainder when g is divided by h?
7
Suppose 0*j - 2*j - 5*c = -2, -2*c = -4. Let x = j - -3. Calculate the remainder when 22 is divided by 9 - 3/(-1) - x.
9
Let l(t) = -t**3 + 6*t**2 - 2*t - 5. Let k = 1152 - 1115. Calculate the remainder when k is divided by l(5).
7
Let c = -232 + 259. Suppose -17*z + 3*n = -21*z + 108, z = n + c. What is the remainder when z is divided by 5?
2
Let l(r) = 3*r**2 - r + 3. Let u be l(4). Let j = u + 29. Calculate the remainder when j is divided by